-18). Suppose 0 = -8*l + 13*l - b. Is l a prime number?
True
Let p(w) = 36*w. Let g be p(8). Let u = 919 - g. Is u prime?
True
Let k be 15*(11 - 3 - 1). Suppose 4*o + o = k. Is o a composite number?
True
Let o = -88 + 971. Suppose 2242 + o = 5*h. Suppose 240 = -5*c + h. Is c composite?
True
Let y = 7358 + 1637. Suppose b + y = 6*b. Is b a prime number?
False
Let x(k) = 2*k**3 - 7*k**2 - 15*k - 3. Let n(p) = p**3 + p**2 - p + 1. Let s(a) = 3*n(a) - x(a). Let j be s(-9). Is 53*(-2)/(6/j) a composite number?
True
Suppose -3*h + 12 = -0*v - 3*v, 0 = 5*h - 4*v - 21. Suppose h*b - 263 = -4*n, 0 = -n - 2*b + 56 + 9. Is n composite?
False
Suppose -h = 5*v + 3*h - 13401, -2*v + 5365 = -3*h. Is v a prime number?
False
Let s = -80 + 340. Let d = 447 - s. Is d a prime number?
False
Is 330 + -3 - -1*4 composite?
False
Suppose 4913 - 17506 = -7*w. Is w prime?
False
Let y = -1480 - -3117. Is y a prime number?
True
Let v(n) = -n**2 + 12*n - 24. Let c be v(10). Is 5705/45 + c/(-18) composite?
False
Let v = -3131 + 4516. Is v composite?
True
Let w(u) = u**2 + 6*u - 1. Let a be w(-7). Let c(q) = 63*q - 6. Let t be c(a). Suppose -5*j = -j - t. Is j a prime number?
False
Suppose 0*c - 4*c + 16 = 0. Suppose -25 = 3*a + 2*a, -c*v + 168 = -4*a. Is v composite?
False
Suppose 0 = -3*a + 2*k + 2*k + 13, a - k = 4. Let l = 5 - a. Suppose l*o + 4*t = 234, -t - 179 + 654 = 4*o. Is o a prime number?
False
Let m be 6/(-3) - (-1 - 1). Let v(r) = r**3 + r + 19. Is v(m) a prime number?
True
Is 1 + 2 + 207 + 1 composite?
False
Let w(o) = 9*o - 4. Is w(7) prime?
True
Let n = 32 - -8. Suppose -4*y = 2*m + n, 6*m = 3*y + m + 4. Let u(i) = i**2 + 9*i + 11. Is u(y) prime?
True
Suppose 650 = 4*k - 2*a, -2*k - 5*a = -3*k + 185. Suppose 5*w = -5*l + k, -4*l - 16 = -5*l - 5*w. Suppose -3*s - g - l = -4*s, g + 5 = 0. Is s composite?
False
Let q(v) = -21*v - 20. Is q(-13) composite?
True
Let x(o) = 38*o - 1. Let n(g) = -g. Let r(u) = 6*n(u) + x(u). Is r(4) a prime number?
True
Suppose 2*o + 18 = 2*z, z + 18 - 3 = -5*o. Suppose z*a = 3*a + 814. Is a a prime number?
False
Let y = 562 + 1909. Is y prime?
False
Suppose 5*r - 6*r = -79. Is r composite?
False
Suppose -2*k + 15 = 3*k. Suppose 3*v - 836 = -2*o, o = k*v + 480 - 71. Is o composite?
True
Let o be ((-4)/12)/((-1)/183). Suppose 2*u = -a + 75, -94 - o = -2*a - 5*u. Is a a composite number?
True
Suppose 4*b + 479 = -4*o + 1523, 0 = 2*o - 5*b - 508. Is o composite?
True
Suppose 4*p + 12 = -0*p. Let b be (20 - 0/p) + -1. Suppose -b = -2*z + 51. Is z a prime number?
False
Let b(c) = c**3 - 2*c + 565. Is b(0) prime?
False
Let w(b) = 65*b**2 + 5*b - 21. Is w(-11) a prime number?
True
Let u be -17*(-3)/(-9)*-3. Let o be (2 + -3)*(-4)/2. Let g = o + u. Is g composite?
False
Let b = 57 + -40. Let o(m) = m - 4. Is o(b) a composite number?
False
Suppose 0 = 2*z - 0*q + 5*q + 23, 0 = -z - 2*q - 10. Is 329 + (-3)/6*z a composite number?
False
Suppose s - 2*y - 14 = -s, -3*y - 9 = 0. Suppose 0 = -r + 3, 0*r - 5*r = -s*t + 13. Let j = -3 + t. Is j a composite number?
True
Is 8/12*2851 - 2/(-6) composite?
False
Suppose -5*c + 5*i + 2095 = 0, -3*i + 2095 = 5*c - 5*i. Is c composite?
False
Let g = 79 + 70. Is g a composite number?
False
Suppose -15 - 1 = -t. Suppose -4*o = -0*o - t. Suppose 3*h + 14 = 2*a + 5*h, -18 = -3*a - o*h. Is a a prime number?
False
Let i be -4 - -6 - -4*3. Suppose -4*z + i = -38. Is z prime?
True
Let r be 4*(3 + (65 - -2)). Let n = r - 165. Is n prime?
False
Suppose 4*y + 315 = f, 3*y - 1651 = -5*f + 4*y. Is f prime?
True
Let d be (-6)/4 + (-770)/(-28). Is (d/(-4))/((-8)/48) composite?
True
Suppose 4*c = z + 1353, -5*z = 2*c - 6*c + 1373. Is c prime?
True
Suppose -4*x + 7*y - 4*y + 495 = 0, 0 = -2*y - 2. Is x a composite number?
True
Let b(h) = h**2 + h + 11. Let d be (-3)/(-1) + 0 + 5. Is b(d) a composite number?
False
Let r(s) = -2*s + 3. Let j be r(2). Let w be (-1)/(-2) + 462/12. Is (j - 2/2) + w composite?
False
Let b(a) = a**3 - 14*a**2 + 16*a + 14. Let r be (-2)/(-2*(-1)/(-13)). Is b(r) composite?
False
Let n = -104 - -196. Suppose 3*l + n = 449. Is l composite?
True
Let z be 6/8 - (-6307)/28. Suppose 27 - z = -k. Is k a composite number?
False
Let y(m) = m**2 + 7*m + 2. Let c be y(-7). Suppose -l = f - 78, 7*l + 380 = 5*f + c*l. Is f composite?
True
Suppose 7*k - k = 4686. Is k composite?
True
Let y be ((-268)/(-10))/((-4)/(-20)). Suppose 156 + y = 2*u. Is u a composite number?
True
Let s(d) be the second derivative of d**4/12 - d**3/6 - d**2/2 - 3*d. Let t be s(-3). Suppose -3*m + t = r + 2, -3*r + 5*m - 1 = 0. Is r prime?
True
Suppose 4*w + 82 = 2*w. Let q = -4 - w. Is q composite?
False
Is (-5817)/(-39) - 12/78 a composite number?
False
Suppose -j + 65 + 168 = 0. Is j a composite number?
False
Is 24/(-8) - 284/(-2) a composite number?
False
Let i be 263 + 0/((-2)/(-1)). Let g = i + -130. Is g a composite number?
True
Suppose -p + 6*p = -1335. Is 2/(2 + 528/p) composite?
False
Let t = 7 + -9. Let u = t + 27. Is u a prime number?
False
Suppose -3*v = -4*q + 24 - 4, -5*q - 4*v - 6 = 0. Suppose 2*u - 595 = -f, -q*f = 2*u + f - 593. Is u prime?
False
Let w = -1145 - -1764. Is w prime?
True
Suppose x - 4 - 1 = 0. Suppose -5 = i - 2*q, 3*q = -i + x*i + 5. Is i*54 - (-10 - -7) prime?
False
Let a = -16 - -18. Is -2*((-405)/2 - a) a prime number?
True
Let x be 2/(-2 + 0) - -1. Suppose x = 5*q + 3*b - 41, -4*q - b + 36 = 3*b. Is q prime?
True
Let s be 3*74/(-15)*-35. Suppose 2*v + 0*v = s. Is v a prime number?
False
Let q(t) = t - 10. Let l be q(-7). Let b = l - -29. Let g = 21 - b. Is g prime?
False
Let j = -1 - -6. Suppose 4*k + 0*c = -c + 405, j*k - 5*c - 500 = 0. Let m = k + 48. Is m a prime number?
True
Let m be 4/(-12) + (-208)/(-3). Suppose 3*j - m = -0. Is j a prime number?
True
Let n = -122 + 243. Is n composite?
True
Let f = -7 - -55. Suppose 0 = -2*j - k - 793, -j = k + 350 + f. Let g = -232 - j. Is g prime?
True
Let c(n) be the third derivative of n**8/1344 - n**7/5040 + n**5/60 - 2*n**2. Let s(v) be the third derivative of c(v). Is s(1) a prime number?
False
Suppose -4*a - 5*q + 54 = -26, 3*q = 2*a - 62. Suppose -2*v = -5*d + a, -5*d + 27 - 2 = -v. Suppose 0 = w - v*w - 10. Is w composite?
True
Let d be (-12)/(-18) + 140/6. Let i be ((-5)/3)/((-4)/d). Suppose -3*r - 5*g = -0 - 1, -g = 2*r - i. Is r prime?
True
Let s(n) = -38*n - 2. Let z(k) = -76*k - 3. Let g(f) = 5*s(f) - 3*z(f). Is g(9) composite?
True
Let d = 3649 - 1867. Is d/4 + 16/(-32) a composite number?
True
Let k(x) = 21*x**2 - 9*x + 1. Is k(4) prime?
False
Let s = -14 - -49. Is s composite?
True
Let a(h) = 42*h - 23. Let y be ((-6)/(-15))/((-4)/(-100)). Is a(y) composite?
False
Suppose 5*h - 42 + 158 = 2*w, 0 = -2*h - 4. Suppose 2*m = m + w. Is m a prime number?
True
Let l be (8/(-6))/(3/(-9)). Let w be ((-6)/l)/3*0. Suppose f - 55 = -w*f. Is f a prime number?
False
Let c(o) = -18*o**3 - 2*o**2 + 7*o. Is c(-3) composite?
True
Is (-2)/6 - 1138/(-3) a composite number?
False
Let r be 0 - 0 - -2 - 2. Suppose -n + 4*n - z - 6 = r, 4 = 2*n - 3*z. Suppose -4*f - n*i = -6*i - 140, 0 = i + 2. Is f a prime number?
False
Suppose -5*x = -1180 + 300. Let r = 9 + x. Is r composite?
True
Let g = 42 + -7. Is g a composite number?
True
Let f(t) = 0*t - 3*t + 0 + 1. Let g = -8 + 7. Is f(g) a composite number?
True
Suppose n = 461 + 336. Is n a composite number?
False
Let v = -1117 + 1619. Is v a prime number?
False
Suppose 2*t - 420 = -2*i - 0*t, 5*i = 5*t + 1060. Is i prime?
True
Is 119*(-3 - (-7 + 3)) composite?
True
Suppose -743 = -2*d + 627. Is d a composite number?
True
Let j(c) = 7*c - 3. Let a be (-1 - -6) + (4 - 1). Is j(a) a prime number?
True
Let n = 626 + 15. Is n composite?
False
Suppose -y + 0 = -2. Suppose 0 = -3*u - 4*p + 11, y*u - u + 5*p + 11 = 0. Suppose 0 = 6*m - 5*m - u. Is m a prime number?
False
Let r be ((-444)/10)/(24/(-320)). Let d = r - 414. Is d a composite number?
True
Suppose 4*i - 534 = -0*i - l, -5*l = -4*i + 522. Is i prime?
False
Is 86 + -3 + -1 + -3 prime?
True
Let b(o) = 125*o**3 - o**2 + o. Let l be b(1). Suppose 7*x - 2*x - l = 0. Suppose -k + 40 = -x. Is k composite?
True
Suppose -19 = -4*b - l, 0 = l - 1 - 2. Suppose -b*c + 413 = 5*f, 2*f - 209 = -2*c - f. Is c composite?
False
Let v(y) = 124*y + 1. Let l be v(3). Let c = l + -24